{"id":11,"date":"2011-09-12T22:39:06","date_gmt":"2011-09-12T22:39:06","guid":{"rendered":"http:\/\/www.nat-sophrologie-44.com\/?page_id=11"},"modified":"2012-08-10T10:19:54","modified_gmt":"2012-08-10T10:19:54","slug":"contacts","status":"publish","type":"page","link":"http:\/\/www.nat-sophrologie-44.com\/?page_id=11","title":{"rendered":"Contacts"},"content":{"rendered":"<p>Les s\u00e9ances se d\u00e9roulent \u00e0 mon cabinet:<\/p>\n<p>Nathalie SIMON villa \u00ab\u00a0douce campagne\u00a0\u00bb 24 chemin de la grognais 44250 St Br\u00e9vin les Pins<\/p>\n<p>pour tous renseignements contactez moi au: <strong>06.72.24.27.08<\/strong><\/p>\n<p>ou par Email:\u00a0<strong> nat.s.sophro@wanadoo.fr<\/strong><\/p>\n","protected":false},"excerpt":{"rendered":"<p>Les s\u00e9ances se d\u00e9roulent \u00e0 mon cabinet: Nathalie SIMON villa \u00ab\u00a0douce campagne\u00a0\u00bb 24 chemin de la grognais 44250 St Br\u00e9vin les Pins pour tous renseignements contactez moi au: 06.72.24.27.08 ou par Email:\u00a0 nat.s.sophro@wanadoo.fr<\/p>\n","protected":false},"author":1,"featured_media":0,"parent":0,"menu_order":50,"comment_status":"open","ping_status":"open","template":"","meta":{"footnotes":""},"class_list":["post-11","page","type-page","status-publish","hentry"],"aioseo_notices":[],"_links":{"self":[{"href":"http:\/\/www.nat-sophrologie-44.com\/index.php?rest_route=\/wp\/v2\/pages\/11","targetHints":{"allow":["GET"]}}],"collection":[{"href":"http:\/\/www.nat-sophrologie-44.com\/index.php?rest_route=\/wp\/v2\/pages"}],"about":[{"href":"http:\/\/www.nat-sophrologie-44.com\/index.php?rest_route=\/wp\/v2\/types\/page"}],"author":[{"embeddable":true,"href":"http:\/\/www.nat-sophrologie-44.com\/index.php?rest_route=\/wp\/v2\/users\/1"}],"replies":[{"embeddable":true,"href":"http:\/\/www.nat-sophrologie-44.com\/index.php?rest_route=%2Fwp%2Fv2%2Fcomments&post=11"}],"version-history":[{"count":6,"href":"http:\/\/www.nat-sophrologie-44.com\/index.php?rest_route=\/wp\/v2\/pages\/11\/revisions"}],"predecessor-version":[{"id":255,"href":"http:\/\/www.nat-sophrologie-44.com\/index.php?rest_route=\/wp\/v2\/pages\/11\/revisions\/255"}],"wp:attachment":[{"href":"http:\/\/www.nat-sophrologie-44.com\/index.php?rest_route=%2Fwp%2Fv2%2Fmedia&parent=11"}],"curies":[{"name":"wp","href":"https:\/\/api.w.org\/{rel}","templated":true}]}}